55). Calculate the highest common divisor of h and 36.
12
Let u be ((-30)/(-9))/(2 - (-13090)/(-6552)). What is the greatest common factor of u and 80?
40
Suppose 44*m - 42*m + q - 1337 = 0, -m + 4*q + 646 = 0. Calculate the highest common factor of 18 and m.
18
Suppose -178*d = -173*d + 2*y - 163, -76 = -2*d + y. What is the highest common factor of 455 and d?
35
Let v be ((-1422)/(-9) + -8)*10/15. What is the greatest common factor of v and 4540?
20
Let t(m) = 6*m**2 + 6*m**2 + 215 - 217 + 15*m. Let r be t(-2). Let g be (-6)/9 - 50/(-3). What is the greatest common divisor of g and r?
16
Let j = -15 + 15. Let c be -2 - j - (-19 - 2). Let r = -389 + 446. What is the highest common factor of c and r?
19
Suppose 2*t - 240 = 5*y, 64*y - 67*y + 276 = 3*t. Suppose -5*j + 376 = d, -2*j + j + d = -74. Calculate the greatest common divisor of t and j.
25
Let z be (-6)/(-6) - (4 + -2 - 7). Suppose -z*h + 10*h - 728 = 0. Let f be (h/(-35))/(4/(-10)). What is the highest common factor of 104 and f?
13
Let s be (-6)/(-4)*8/(-18)*2550/(-85). Calculate the highest common factor of 1370 and s.
10
Let o = 321 + -285. Let h be (36/21 - 2)*(1 - o). What is the highest common factor of 50 and h?
10
Suppose 51 = 4*m - 5*u, 3*u + 88 - 27 = 4*m. Suppose -3*n + 552 = -2*n - f, -4*n = 4*f - 2192. Let l = 645 - n. Calculate the greatest common factor of m and l.
19
Let p = -15 - -11. Let s be (2/p)/(5/(-110)). Calculate the greatest common factor of 253 and s.
11
Suppose -4*f = -p - 2*f + 254, -991 = -4*p + 3*f. Suppose -6*a + 9*a + 4*x = p, a + 5*x = 74. What is the greatest common factor of a and 18?
6
Let q(d) = 19*d**2 - 32*d - 16. Let y be q(14). Let j be y/50 + (-2)/10. Let p be (2*1)/(2/13). What is the greatest common factor of p and j?
13
Let d(m) = 32*m**3 + 2*m**2 + 3*m - 5. Let f be 1079/581 + (-2)/(-14). Let k be d(f). Calculate the highest common divisor of 5 and k.
5
Let l(f) = -213*f + 1197. Let x be l(-7). Calculate the greatest common factor of x and 28.
28
Let v(u) be the third derivative of -7/2*u**3 + 0*u + 0 - 5/24*u**4 + 1/60*u**5 + u**2. Let a be v(11). Calculate the highest common divisor of a and 30.
15
Suppose -26*z + 162 = z. Calculate the highest common factor of 2526 and z.
6
Let z(r) = -r - 327. Let l be z(0). Let h be 231/(-88)*50 + 1/4. Let i = h - l. Calculate the highest common factor of i and 28.
28
Suppose 2*f - 43 = 3*r - 2*f, r - 3*f + 21 = 0. Let p be r*(16/4 + -5). What is the highest common factor of 45 and p?
9
Let l be 2/32 - 358870/(-2720). Calculate the highest common factor of 9372 and l.
132
Suppose -46*y + 4386 = 16. Suppose 27 + 600 = 11*h. Calculate the highest common factor of h and y.
19
Let z = 144 + -63. Let l be 1 - (-6*(2 - 4))/((-9)/6). Calculate the greatest common factor of z and l.
9
Suppose -9*p - 41 = 4. Let c be 32*p*(-1)/10. What is the greatest common factor of c and 80?
16
Suppose o + 36 = -3*u + 93, 0 = -u. Suppose 4*x = -3*t + o, -85 = -4*x - 2*t - 31. What is the greatest common factor of 18 and x?
6
Let a = 69 + -133. Let o be (-65 - a)/((-2)/46). Calculate the greatest common divisor of o and 1.
1
Let y(d) = -3*d**3 + 164*d**2 + 54*d + 81. Let k be y(55). What is the highest common divisor of 286 and k?
26
Let j(d) = 7*d**2 + 242*d + 719. Let o be j(-3). What is the highest common factor of 320 and o?
8
Let v(w) = -w - 13. Let b be v(-7). Let k(t) = -t**3 - 7*t**2 - 8*t + 4. Let r be k(b). Let x be 34 + -2*(6 + -5). What is the highest common factor of x and r?
16
Suppose -t + 25499 = 2*q, -3*q + 4*t = -42278 + 4035. What is the highest common factor of q and 11?
11
Let c(p) = -364*p - 7329. Let h be c(-21). Calculate the highest common factor of h and 330.
15
Suppose 0 = 1104*s + 885 - 34005. Let h = 149 + -83. What is the greatest common divisor of h and s?
6
Let h = -30 + 38. Suppose -2*q = 3*t - 0*q - h, 0 = -t + 3*q - 12. Let o be 17 - (t + (-2 - -3)). What is the highest common factor of 2 and o?
2
Suppose 4*h + 4*s - 128 = 0, 5*h - 32 - 191 = 4*s. Let x be (-3)/9*-1*3. What is the highest common divisor of x and h?
1
Suppose 29*a + 363456 - 364413 = 0. Let v(b) = 1 + b**2 - 3*b + 2*b**2 + 3. Let o be v(3). Calculate the greatest common divisor of a and o.
11
Let y = 4030 + -3955. What is the highest common divisor of y and 37425?
75
Suppose -w - 32 = -2*j, -w + 5*j - 9*j = 14. Let f = w - -31. Suppose -105 = -m + f*c, -m = c - 5*c - 103. What is the highest common divisor of 19 and m?
19
Suppose 2*g = 15 + 15. Suppose 0 = r + g - 9. Let p be (-381)/r - -3 - (-1)/(-2). What is the greatest common factor of p and 6?
6
Let j be (-14)/140 + 106682/20. What is the greatest common divisor of 42 and j?
42
Let m(l) = l**2 - 49*l + 131. Let z be m(30). Let d = z - -463. What is the greatest common factor of d and 42?
6
Let p(l) = l + 7. Let z be p(-22). Let j be z/(-20)*-4 - -131. What is the greatest common factor of 16 and j?
16
Suppose 0 = -2*t - g + 1311, 9*t - 3281 = 4*t + g. Suppose 2*w = -4*i + 367 - 39, -t = -4*w - 4*i. Calculate the highest common divisor of 82 and w.
82
Let y = 390 - 390. Let k = 90 + y. Calculate the highest common divisor of k and 45.
45
Suppose -2*f + 9 = 4*t + 15, 2*t = -3*f + 7. Let o(w) = -w**3 - 7*w. Let k be o(t). What is the greatest common factor of k and 115?
23
Let x(u) = 3*u**2 + 21*u - 9. Let j be x(-7). Let t be (-100)/35*(j - 5). Calculate the highest common divisor of t and 70.
10
Suppose -5*l - 4*n + 494 = 0, 8*n - 388 = -4*l + 3*n. Suppose -11*v = -1988 - l. Suppose 532 = 39*a - 11*a. What is the highest common divisor of v and a?
19
Suppose 0 = 9*j - 7*j + 3*w - 9881, -2*w + 6 = 0. What is the greatest common divisor of j and 8?
8
Let y = 32558 - 32544. What is the highest common factor of y and 64?
2
Let a(w) = 3*w + 238. Let r = -85 + 85. Let v be a(r). Let u = 40 - 6. What is the greatest common factor of v and u?
34
Let a be 12 + 133 + 0 + 6. Suppose a + 113 = 12*s. Suppose z = -5*o + 168, -4*o - 4*z + 79 = -65. Calculate the greatest common factor of s and o.
11
Suppose -4*w = 4*r, 3*w + r - 3 - 1 = 0. Suppose -4*l - 564 = -6*n + 2*n, -2*l = 0. Let v = n - 127. What is the greatest common factor of v and w?
2
Suppose -t = -o + 4*o - 491, 5*o + 2*t - 817 = 0. Let p(n) = -n**3 + 29*n**2 - 28*n + 33. Let m be p(28). What is the greatest common divisor of o and m?
33
Let h(a) = a. Let u(o) = o**2 + 3*o + 95. Let i(w) = 3*h(w) + u(w). Let m be i(0). Calculate the highest common divisor of 57 and m.
19
Suppose -224*g = -170*g - 702. Let f(y) = -y**3 - 4*y**2 - 4*y + 7. Let l be f(-5). Calculate the highest common factor of l and g.
13
Let o = -6690 + 6718. What is the greatest common divisor of o and 616?
28
Suppose -102 = -32*w - 38. Let c be ((-44)/w)/1*-3. Calculate the greatest common factor of c and 110.
22
Suppose 335 = -6*k + 7*k. Let j = k + 913. Calculate the highest common factor of 78 and j.
78
Let n = 970 + -847. Suppose 0 = 120*y - n*y + 138. What is the greatest common factor of 299 and y?
23
Let n(f) = f**2 + 2*f - 636. Let v be n(-36). What is the highest common divisor of 156 and v?
12
Let s = 26030 + -13517. Calculate the highest common factor of s and 258.
129
Suppose -440*k + 448*k - 56 = 0. Suppose 3*n + 95 = 5*r, -r - 5*n + k = -40. Let q = -253 + 407. What is the greatest common divisor of q and r?
22
Let f be (31 + -30)/((2/70)/(39/65)). What is the highest common factor of 469 and f?
7
Let q(s) = 157*s - 7136. Let m be q(48). What is the greatest common divisor of m and 14?
2
Suppose -134 + 82 = -26*x. Let t be (-21)/(-5)*x*5/6. What is the greatest common divisor of 49 and t?
7
Let y(r) = 5*r + 25. Let t be y(-5). Let l(n) = 7*n**2 + 8*n - 3*n - 4 + t*n. Let b be l(3). What is the highest common divisor of b and 111?
37
Suppose 3*i = -6*y + 3*y + 177, -53 = -y - 3*i. Let f = -28 + y. Suppose 29*h - f*h + 215 = 0. Calculate the greatest common factor of 387 and h.
43
Let s = 2191 + -1773. Calculate the highest common divisor of s and 361.
19
Let s(u) = u**2 - 6*u**2 - 28 - 4*u + 15*u**2 + u**3 - 3*u**2. Let p be s(-5). What is the highest common divisor of 18 and p?
6
Let g = 5991 + -5237. Calculate the greatest common factor of 203 and g.
29
Let r be (-1)/(-4 + -9) + (-1764)/(-52). Calculate the greatest common divisor of 